divided by j?
33
Suppose u - 180 = -4*n, 0 = u - 3*n - n - 156. Let i = -160 + u. Calculate the remainder when 22 is divided by i.
6
Suppose 0 = -5*m - 3*s, 5*m = -2*s + 10 - 5. Calculate the remainder when (-213)/(-9) - -1 - 26/39 is divided by m.
0
What is the remainder when 104 is divided by (20/((-200)/(-70)) + (-90)/14)*49?
20
Let v = 1125 + -1096. What is the remainder when 215 is divided by v?
12
Suppose 6*s + 0*y + 4*y = 16, 5*y - 13 = -4*s. What is the remainder when 23 is divided by s?
1
Suppose -114*o + 9488 = -19012. Calculate the remainder when o is divided by 96.
58
Let n(y) be the first derivative of -y**3/3 + 15*y**2/2 - 58*y + 34. Let c be n(18). Let z = -78 - c. What is the remainder when z is divided by 9?
7
Let x(k) be the first derivative of -k**3/3 + 7*k**2 + 44*k + 13. Calculate the remainder when x(0) is divided by (-3)/4*(0 - 20).
14
Let d = -37 - -86. Let r = -18 + d. Suppose -15*a + 16*a = 2*h - 36, -5*h + 2*a = -90. What is the remainder when r is divided by h?
13
Let t(z) = 31*z**2 + 4*z + 4. Let k be t(-1). Let x = k - 17. Let j = -55 - -108. What is the remainder when j is divided by x?
11
Suppose f = 3*u + 133, -20*f + 18*f + 5*u + 272 = 0. Calculate the remainder when f is divided by 13.
8
Let j = 205 - 205. Suppose 11*h + 9*h - 200 = j. What is the remainder when 52 is divided by h?
2
Suppose 96*x - 91*x = -3*l + 149, -5*l + 231 = 4*x. Suppose -2*n + 4 = -18. What is the remainder when l is divided by n?
10
Let j(c) = c**2 - 11*c + 29. Suppose h = l - 3*h + 4, -2 = -3*l - 2*h. Calculate the remainder when j(l) is divided by 8 - 0/(2 + -4).
5
Let i(h) be the first derivative of h**4/4 + 2*h**3 - 3*h**2/2 - 30*h + 105. Calculate the remainder when 23 is divided by i(-5).
3
Let h be (-4)/(-10) - (-2)/(-5). Suppose -q - 2*q + 138 = h. Calculate the remainder when q is divided by 1/2*(456 - 82)/11.
12
Let j = -307 + 810. Let x = j - 459. Calculate the remainder when 49 is divided by x.
5
Let y = 223 - 315. Let g = -64 - y. Calculate the remainder when g/12 + -3 + (-244)/(-6) is divided by 7.
5
Let x(w) = w**3 + 110*w**2 - 824*w + 226. What is the remainder when x(-117) is divided by 89?
10
Let l(j) = 25*j + 26. Let g be l(4). Suppose -g = 55*m - 62*m. What is the remainder when 51 is divided by m?
15
Let w(x) = 6*x - 56. Let d be w(23). Suppose 2*f - 55 = -3*c, -2*f - d = -5*f - 5*c. Let g = 11 - -6. Calculate the remainder when f is divided by g.
12
Suppose -8*o + 4 = -7*o. Suppose 2*n + 237 = 5*w, o*w - 190 = 8*n - 6*n. What is the remainder when 93 is divided by w?
46
Suppose 0 = 3*n - 5*n - 6. Let j be 31 - ((-18)/(-3) + n). Let a = j - 25. Calculate the remainder when 22 is divided by a.
1
Let p(y) = 150*y + 767. What is the remainder when 358 is divided by p(-5)?
1
Suppose 0 = -5*b + b + 16, -5*a - 5*b + 605 = 0. Let i = 870 - 850. Calculate the remainder when a is divided by i.
17
Let s = 14978 + -14854. What is the remainder when s is divided by 38?
10
Suppose 25*k - 695 = -170. What is the remainder when 47 is divided by k?
5
Let a = 435 + -229. Calculate the remainder when a is divided by 16.
14
Suppose -25*u - 105 = 245. What is the remainder when 188 is divided by 2*9*(-21)/u?
26
Let x = 17377 + -17185. Calculate the remainder when 321 is divided by x.
129
Suppose -3*n + 5*y = -104, -2*y - 1 - 1 = 0. Let l = 113 - n. Let r = -37 + l. Calculate the remainder when r is divided by 12.
7
Suppose 279*s - 85481 = 260*s. Calculate the remainder when s is divided by 125.
124
Suppose -9*f - 41*f = -457 - 3093. What is the remainder when 156 is divided by f?
14
Let g(u) = 3*u**2 + 355*u - 259. Calculate the remainder when g(-122) is divided by 136.
131
Let j be 2 + -5 - (-1 - (18 - -4)). Suppose -237 = j*d - 797. What is the remainder when 143 is divided by d?
3
Let j(t) = t**2 - 26*t + 108. Let f be j(14). What is the remainder when 89 is divided by 138/(-4)*40/f?
20
Calculate the remainder when 469 is divided by (133 + 7)*(-30)/(-50).
49
Suppose 0 = -106*q + 24*q + 89380. Calculate the remainder when q is divided by 84.
82
Let b(s) = s**2 + 10*s + 56. What is the remainder when b(-7) is divided by 16?
3
Suppose 2*y = 4, 0*u = -4*u - 2*y + 196. Suppose 5*r - 4*t - 2389 = 0, -2*t = -2*r + 1267 - 311. What is the remainder when r is divided by u?
45
Calculate the remainder when 279 is divided by 4589/52 + 21/28.
12
Let w = -140 - -145. Calculate the remainder when ((-106)/(-6))/((20/36)/w) is divided by 82.
77
Let c(r) = 146*r - 767. Suppose -2*b + 3 = -55. Calculate the remainder when c(6) is divided by b.
22
Let y = 504 - 11. Let g(k) = k**3 - 9*k**2 + 14*k - 88. Calculate the remainder when y is divided by g(9).
37
Calculate the remainder when 19292/40 - 57/190 is divided by 70.
62
Suppose -6*l = -108 - 72. What is the remainder when 3299 is divided by l?
29
Let q(o) = 51*o - 394. What is the remainder when 4381 is divided by q(8)?
13
Suppose -4*m + d = -265, -5*d - 903 + 553 = -5*m. Calculate the remainder when 818 is divided by m.
38
Let v be (9 + -8)/(1/(-4)). Let k = -12 - -17. Calculate the remainder when (4 - (-80)/(-25))*(-130)/v is divided by k.
1
Suppose 1345 = 81*j - 6431. What is the remainder when j is divided by 14?
12
Let u(n) = -2*n**3 - 65*n**2 - 94*n - 22. What is the remainder when 124 is divided by u(-31)?
7
Let z = 26 - 12. Let y(m) = -3*m**2 - 248*m + 2594. Calculate the remainder when y(-92) is divided by z.
4
Let m be 2686/(-51)*(-4 + 1). Let d = 26 + m. Calculate the remainder when d is divided by 37.
36
Suppose n = -14*n + 120. Suppose 0 = 3*i - n*i + 20. Suppose -5*s = c - 36, 2*c + 0 = 2. What is the remainder when s is divided by i?
3
Suppose 3*j - 4*z - 513 = 0, 35*j + 740 = 39*j + 4*z. What is the remainder when 186 is divided by j?
7
Let k(z) = z - 1. Let q(c) = -c**2 - 20*c + 44. Let s(x) = -4*k(x) + q(x). What is the remainder when 1308 is divided by s(-25)?
20
Let d be 15364/24 - (-14)/(-84). Suppose -20*i + d = -15*i. What is the remainder when i is divided by 35?
23
Suppose l = 3*t + 1, -4*t + 7*t = -5*l + 5. Calculate the remainder when 35 is divided by (-10 - -15 - (t - -2)) + 7.
5
Let h(l) = -13*l + 40. Let b(q) = 3*q - 10. Let v(p) = -9*b(p) - 2*h(p). Let j be v(5). Calculate the remainder when 26 is divided by (-188)/(-28) + 1 + j/(-7).
5
Suppose 3*w - 2*x - 261 = 0, -252 = w - 4*w + 5*x. Let k be 28 - 6/(5 - 3). Suppose k*y = 9*y + 368. What is the remainder when w is divided by y?
20
Let x = -243 + 106. Let s = -55 - x. Let j(n) = 23*n**2 + 2*n + 1. Calculate the remainder when s is divided by j(-1).
16
Let p = -2071 - -2305. What is the remainder when p is divided by 15?
9
Suppose 1390*d - 1393*d + 126 = 0. What is the remainder when 1620 is divided by d?
24
Let s = 6671 + -6130. Calculate the remainder when s is divided by 78.
73
Let x(k) = 87*k + 11405. What is the remainder when 2589 is divided by x(-131)?
5
Let r(t) = 22*t**2 - 51*t + 231. What is the remainder when r(17) is divided by 5?
2
Suppose 20*c = -30 + 90. Suppose 4*h + c*l - 603 = 0, h - 171 = l - 29. Calculate the remainder when h is divided by 15.
12
Suppose -3*k + 420 = 7*k + 2*k. What is the remainder when 245 is divided by k?
0
Suppose 2*x = -4, 4*z + 5*x - 54 = 20. Let b = -569 + 154. Let q = -290 - b. What is the remainder when q is divided by z?
20
Let k(h) be the third derivative of h**4/24 + 11*h**3/6 + 11*h**2. Let l be k(-8). What is the remainder when (75/(-4))/(l + (-91)/28) is divided by 26?
23
Suppose -5*s - 194 + 268 = h, -2*s + 31 = -h. What is the remainder when 85 is divided by s?
10
Let x(w) = 58*w + 1156. Calculate the remainder when x(-14) is divided by 105.
29
Suppose 16*p - 12 = 19*p. Let l(m) = -3*m**3 + 92*m**2 + 38*m - 39. What is the remainder when l(31) is divided by (-30)/4*(p - 0)?
28
Suppose -3*l + 1981 = -2*k + 682, 4*k - 447 = -l. Suppose 5*u = 5*g - 10*g + 90, -u + 75 = 4*g. What is the remainder when l is divided by g?
17
What is the remainder when -14 + (-930)/(-15) - (2 + 6) is divided by 25?
15
Suppose -127*y = -125*y + 10. Let i(m) = 7*m**2 + 8*m + 10. What is the remainder when i(y) is divided by 49?
47
Let u(q) = 2*q**2 + 25*q - 11. Let t be u(-13). Suppose 6*y - t*y = 5*r + 44, r = -3*y + 52. What is the remainder when 42 is divided by y?
10
Let v(y) = -y 